of w?
4
Let b be (-3)/(66/(-106)) + (-18)/(-99). What is the tens digit of b*(2/(-6) - 0)*-123?
0
Suppose 4*v - 5*h + 2 + 7 = 0, -h = -5. Suppose -5*o + v = 14. What is the tens digit of -1 + 24 + o/2?
2
Let l = -1944 + 2653. What is the tens digit of l?
0
Let h be (4 - (-340)/12) + (-2)/6. Let d = 117 - h. What is the units digit of d?
5
Let p(k) = -k**3 + 13*k**2 + 51*k - 27. Let h be p(15). Suppose 5*l = h + 507. What is the tens digit of l?
5
Suppose -44*q + 29*q + 36060 = 0. What is the hundreds digit of q?
4
Suppose 27 - 139 = -16*z. Let f(k) = k**3 - 4*k**2 - 8. What is the units digit of f(z)?
9
Suppose -6*z + 3*z + 33 = 4*a, -a - 2*z + 7 = 0. Let v(f) = -2*f + 1 - 14 + 2*f**3 + a - f**3. What is the tens digit of v(3)?
1
Let q(i) = 15*i - 2. Suppose 0 = s - 4*s + 12. What is the tens digit of q(s)?
5
Let n(f) = -f**3 + 5*f**2 + f - 11. Let s be n(4). Suppose 202 = r - s. What is the tens digit of r?
1
Let i(p) be the first derivative of p**2/2 + 5*p + 8. Let s be i(-3). Suppose j + s*o - 35 = 5*o, 5*o + 121 = 3*j. What is the units digit of j?
7
Suppose 2151 = 5*a - p, -3*a + 1305 = p + 2*p. What is the hundreds digit of a?
4
Let b = 0 + 0. Suppose -2*s - 3 + 13 = b. What is the units digit of s?
5
What is the tens digit of (10 - (-16)/(-2)) + 525*1?
2
Let j(p) = -2*p**2 + 2*p + 137. Let n be j(0). Suppose -6*l = -157 - n. What is the units digit of l?
9
Let w(s) = -s**2 - 4*s + 14. Let q be w(-6). Suppose 4*p - o = 3*o + 272, p - 73 = q*o. What is the tens digit of p?
6
Let j(t) = -27*t + 82. Let s(g) = 9*g - 27. Let d(z) = -3*j(z) - 8*s(z). What is the hundreds digit of d(20)?
1
Let p be (-2)/17 + (-7320)/204. Let t = 2 - p. What is the tens digit of t?
3
Let t(u) = 11*u**3 + 2*u**2 - 2*u + 1. Let a(s) = -s**3 - 3*s**2 - 2*s. Let h be a(-2). Let c be h/1 + 1 + 0. What is the tens digit of t(c)?
1
Let l(k) = 2*k**2 + 3*k - 23. Let a be (-4)/14 + (-47)/7. What is the tens digit of l(a)?
5
Let g = 20 + 4. Let n(o) = 3*o + 57. What is the tens digit of n(g)?
2
Suppose -2 - 3 = -f. Suppose -3*u = -3*n - 198, 5*n + 321 = u - f*u. What is the tens digit of 1036/26 + (-10)/n?
4
Let z(f) = f**3 - 7*f**2 - 10*f - 208. What is the thousands digit of z(17)?
2
Let u(w) be the first derivative of w**4/2 - 2*w**3/3 - 5*w**2/2 + 11*w - 21. What is the tens digit of u(5)?
8
Suppose 0*q - 2*q = 0. Let j be q - (-55)/(3 - 4). Let p = 77 + j. What is the units digit of p?
2
Suppose -2*y + 2 = 2*v, 5*v - 21 = 3*y + 16. Suppose j = v*c + 180, 3*j + 2*c - 201 = 2*j. What is the hundreds digit of j?
1
Let b be 0/(-2) + (3 - (0 + -131)). Let w = b + -59. What is the units digit of w?
5
Let v be (-15)/12 - (-118)/(-8). What is the tens digit of 160 + v + -5 + 1?
4
Let y = -11 - -30. Let r be (-6)/(-9) + y/3. Let v = r + -3. What is the units digit of v?
4
Suppose 2*k - 982 = 42. What is the units digit of k?
2
Suppose -1876 = -4*i + 3*x, 4*x = -2*i + 6*i - 1872. What is the units digit of i?
2
Suppose 3*w - 6*h = 2613, -3*w + 2*h = 3*h - 2599. What is the tens digit of w?
6
Suppose -5*v - 95 + 5 = 0. What is the units digit of 20/(-15)*v/4?
6
Suppose -3*g + 4*g - 5*b - 99 = 0, 5*g - 5*b = 495. Suppose -g = -6*v - 15. What is the units digit of v?
4
Suppose -2*y - q + 3 - 6 = 0, -2*q - 6 = -y. Let b = y - -5. What is the units digit of (2 + 19)*(-4 + b)?
1
Let f = 362 - 24. Suppose -3*c + f = -457. What is the units digit of c?
5
Suppose -13*x - 8736 = -39*x. What is the tens digit of x?
3
Let h = 358 + 3286. What is the thousands digit of h?
3
Suppose 4 = -n + 2, -3*b = n - 16. Let a be (3 + 6)*2/b. What is the units digit of (0 - -3)/(a/7)?
7
Suppose -p + 15 = 5*q - 0*q, 153 = 5*p - q. Let i(n) = n**3 - 3*n**2 - 4*n + 5. Let a be i(4). Let h = p - a. What is the units digit of h?
5
Suppose g - 5170 = -2*o + 1048, 5*o = -4*g + 24869. What is the thousands digit of g?
6
Suppose v - 81 = 16. Suppose a + 4*k = v, 3*k = 5*a - 0*k - 439. What is the tens digit of a?
8
Let q = 72 + -103. Let m = 102 + q. Suppose 10 = -i + 3*w + 37, -3*i + m = w. What is the tens digit of i?
2
Let s = 9854 - 5716. What is the thousands digit of s?
4
Let o be 449/3 - 4/(-3). Suppose 2*l - 155 = o. What is the hundreds digit of l?
1
Let y(v) = -v**3 + 15*v**2 + 19. Let i be y(15). What is the tens digit of i*(1 - (3 + -3))?
1
Let h(s) = s**3 - 9*s**2 + 5*s - 11. Let x be h(9). Suppose 5*d = -2*n + d + 6, 0 = 2*n - 3*d - x. What is the units digit of n?
1
Let y(w) = 136*w - 689. What is the units digit of y(21)?
7
Let z = 25 + 25. Let m be 66/14 + z/175. Suppose -u + m = 0, 3*u + 2*u = -5*d + 385. What is the units digit of d?
2
Let t(y) = -y**3 + 3*y**2 + 7*y + 5. Let d be t(5). Let n(h) = 3*h**2 - h. Let v be n(-3). Let q = v + d. What is the tens digit of q?
2
What is the hundreds digit of (61*-9)/3*8/(-6)?
2
Let t be 339/(12/3 - 1). Let s = t - 56. What is the units digit of s?
7
Let n = -749 + 1803. What is the tens digit of n?
5
Let p = -629 + 892. What is the units digit of p?
3
Let o(f) = -10*f**2 - 3*f - 8. Let a(w) = -9*w**2 - 3*w - 7. Let j(t) = -6*a(t) + 5*o(t). What is the units digit of j(-3)?
9
Suppose -3*k = -5*u - 20, 0 = 3*k - 4*k + 3*u + 8. Suppose -k*h = -0 - 15. Let d = 38 - h. What is the units digit of d?
5
Let h(u) = u**3 - 4*u**2 - 4*u + 4. What is the units digit of h(7)?
3
Suppose -6*o + 3*o = w - 11, 5*w - 22 = -4*o. Suppose -w - 2 = -2*x. What is the units digit of (1 - -5) + 8/x?
0
Let d(n) = n**3 + 8*n**2 + 5. Let t be d(-8). What is the units digit of (5/t + -2)*(1 - 48)?
7
Let d(p) = 151*p**2 - 9*p + 19. What is the units digit of d(-3)?
5
Suppose 4*g - 3*v - 413 - 146 = 0, -4*v - 699 = -5*g. What is the hundreds digit of g?
1
What is the tens digit of (1 - 215/15)/(1/(-138))?
4
Let h(a) = 256*a - 298. What is the hundreds digit of h(12)?
7
Suppose -11 = -2*y + 4*f + 5, -2*f - 2 = 2*y. Let b(i) = i**2 - 23. Let h be b(0). What is the units digit of 1*y - (h - -7)?
8
Let b(g) = g**2 + 5*g - 1. Let q be b(-6). Suppose -33 = -3*p - 3*x, 0*x - 9 = -3*x. Suppose q*a = 308 - p. What is the tens digit of a?
6
Let j be (-6)/(-12) + (-3)/(-2). Let f(i) = 2*i. Let t be f(2). Suppose a = -j*a - t*l + 89, -a - 2*l = -33. What is the units digit of a?
3
Suppose 0 = 5*r + v - 9, -5*v = 5*r - 3*v - 8. Suppose -5*d - 69 = -a, r*a - 190 = -2*d - d. What is the units digit of a?
9
Suppose 8*g - 210 = 3*g. Suppose -5*t + 50 = -0*z - z, -3*z - g = -3*t. What is the units digit of t?
9
Suppose 117354 + 47179 = 41*r. What is the thousands digit of r?
4
Suppose -3*u + 0 - 3 = 0. Let t be (u/(-4))/(1/4). What is the tens digit of (30 - 2 - 1)*t?
2
Let a(x) be the first derivative of 4*x**3/3 + 2*x**2 - 11*x - 11. What is the tens digit of a(-5)?
6
Suppose 0 = -5*x + x + 344. Let c = x - 42. What is the tens digit of c?
4
Suppose 5*m = -7 + 52. Let j = 73 - m. Suppose -4*a + 0*a = -j. What is the units digit of a?
6
Suppose 166 + 308 = 3*i. What is the units digit of i?
8
Suppose -13 = -5*v + 4*q + 82, -5*q = 3*v - 57. Suppose -v*m + 1160 = -9*m. What is the tens digit of m?
1
Let u be (-94)/(-12)*2*3. Let c = 22 + u. What is the units digit of c?
9
Let j = -509 + 1172. What is the tens digit of j?
6
Suppose 5*y - 8596 = -2*q + 314, 5*y - 8880 = 4*q. What is the tens digit of y?
8
Suppose 4*z + 2*p + 48 = 0, 0 = -z + 5*p - 18 - 16. Let g = z + -1. What is the units digit of ((-9)/(-12))/(g/(-40))?
2
Let r(p) = -10*p - 3*p**3 + 17 + 9*p**2 + 2*p**3 + 2*p**2. Let q be r(10). Let w = q + 29. What is the units digit of w?
6
Suppose 15952 = 4*h + 5204. What is the hundreds digit of h?
6
Suppose -133 = -2*b - k, 5*b - 144 - 211 = 2*k. Suppose -b = -2*i + 31. What is the tens digit of i?
5
Let h = 655 + -390. Suppose -h = 3*i - 754. What is the tens digit of i?
6
Let x(z) = -11 + 5 - 19*z - z**2 + 0*z**2 - 17. What is the units digit of x(-12)?
1
Let w(r) be the third derivative of -r**6/120 - r**5/30 + r**4/24 + 193*r**3/6 - 44*r**2. What is the tens digit of w(0)?
9
Suppose -5*j + 114 = x, -x - 630 = -6*x - 5*j. Let g = x + -78. What is the units digit of g?
1
Let w(l) = -l**2 - 18*l + 41. What is the tens digit of w(-19)?
2
What is the thousands digit of 1*-1*(-4 + 5 + -1932)?
1
Suppose 3*y + 2806 = 5*v - 9749, 5*v - 4*y = 12550. What is the hundreds digit of v?
5
Let u be 4/